{"id":192,"date":"2010-01-19T17:22:38","date_gmt":"2010-01-19T17:22:38","guid":{"rendered":"http:\/\/domusnostra.net\/wordpress\/?page_id=192"},"modified":"2022-05-04T09:59:07","modified_gmt":"2022-05-04T08:59:07","slug":"links","status":"publish","type":"page","link":"http:\/\/domusnostra.net\/wordpress\/links\/","title":{"rendered":"links"},"content":{"rendered":"<h1>Links \u00fateis<\/h1>\n<p><a href=\"https:\/\/www.ulisboa.pt\/\" target=\"_blank\" rel=\"noopener noreferrer\">Universidade de Lisboa<\/a><\/p>\n<p><a href=\"http:\/\/www.pulisboa.com\/\" target=\"_blank\" rel=\"noopener noreferrer\">CeUC &#8211; Centro Universit\u00e1rio Cat\u00f3lico de Lisboa &#8211; Pastoral Universit\u00e1ria<\/a><\/p>\n<p><a href=\"https:\/\/pastoral-univer.wixsite.com\/snpes\" target=\"_blank\" rel=\"noopener noreferrer\">SNPES \u2013 Servi\u00e7o Nacional de Pastoral do Ensino Superior<\/a><\/p>\n<p><a href=\"http:\/\/www.cupav.pt\/\" target=\"_blank\" rel=\"noopener noreferrer\">CUPAV \u2013 Centro Universit\u00e1rio Padre Ant\u00f3nio Vieira<\/a><\/p>\n<p><a href=\"http:\/\/www.erasmuslisboa.com\/\" target=\"_blank\" rel=\"noopener noreferrer\">Programa Erasmus<\/a><\/p>\n<p><a href=\"https:\/\/www.visitlisboa.com\/pt-pt\" target=\"_blank\" rel=\"noopener noreferrer\">Visitar Lisboa<\/a><\/p>\n<p><a href=\"http:\/\/www.agendalx.pt\/cgi-bin\/iportal_agendalx\" target=\"_blank\" rel=\"noopener noreferrer\">Agenda Cultural de Lisboa<\/a><\/p>\n<p><a href=\"http:\/\/www.atl-turismolisboa.pt\/\" target=\"_blank\" rel=\"noopener noreferrer\">Turismo de Lisboa<\/a><\/p>\n<p><a href=\"http:\/\/cinecartaz.publico.pt\/\" target=\"_blank\" rel=\"noopener noreferrer\">CineCartaz<\/a><\/p>\n<p><a href=\"http:\/\/www.cm-lisboa.pt\/\" target=\"_blank\" rel=\"noopener noreferrer\">CML \u2013 C\u00e2mara Municipal de Lisboa<\/a><\/p>\n<p><a href=\"https:\/\/gulbenkian.pt\/\" target=\"_blank\" rel=\"noopener noreferrer\">Funda\u00e7\u00e3o Calouste Gulbenkian<\/a><\/p>\n<p><a href=\"http:\/\/www.ccb.pt\/\" target=\"_blank\" rel=\"noopener noreferrer\">CCB \u2013 Centro Cultural de Bel\u00e9m<\/a><\/p>\n<p><a href=\"http:\/\/www.bn.pt\/\" target=\"_blank\" rel=\"noopener noreferrer\">Biblioteca Nacional<\/a><\/p>\n<p><a href=\"http:\/\/www.culturgest.pt\/\" target=\"_blank\" rel=\"noopener noreferrer\">Culturgest<\/a><\/p>\n<p><a href=\"http:\/\/www.carris.pt\/\" target=\"_blank\" rel=\"noopener noreferrer\">Carris |Transportes P\u00fablicos Lisboa|<\/a><\/p>\n<p><a href=\"http:\/\/www.metrolisboa.pt\/\" target=\"_blank\" rel=\"noopener noreferrer\">Metropolitano<\/a><\/p>\n<p><a href=\"http:\/\/www.cp.pt\" target=\"_blank\" rel=\"noopener noreferrer\">Comboios<\/a><\/p>\n<p><a href=\"http:\/\/www.rede-expressos.pt\/\" target=\"_blank\" rel=\"noopener noreferrer\">Rede Expressos<\/a><\/p>\n<p><a href=\"https:\/\/eportugal.gov.pt\/locais-de-atendimento-de-servicos-publicos\/loja-de-cidadao-de-lisboa-laranjeiras?utm_source=gmb&amp;utm_medium=organic\" target=\"_blank\" rel=\"noopener noreferrer\">Loja do Cidad\u00e3o<\/a><\/p>\n<p><a href=\"http:\/\/www.zoo.pt\/\" target=\"_blank\" rel=\"noopener noreferrer\">Jardim Zool\u00f3gico<\/a><\/p>\n<p><a href=\"https:\/\/www.estadio.ulisboa.pt\/\" target=\"_blank\" rel=\"noopener noreferrer\">Est\u00e1dio e P\u00f3lo Desportivo Universit\u00e1rio<\/a><\/p>\n<p><a href=\"http:\/\/www.passo-a-rezar.net\/\" target=\"_blank\" rel=\"noopener noreferrer\">Passo-a-Rezar: leva contigo a tua ora\u00e7\u00e3o &#8211; mp3<\/a><\/p>\n<h3>Links de outras Resid\u00eancias Universit\u00e1rias Femininas:<\/h3>\n<ul>\n<li><strong>LUSCM \u2013 Santos \u2013 Lar Universit\u00e1rio do Sagrado Cora\u00e7\u00e3o de Maria<\/strong><\/li>\n<\/ul>\n<p>Rua Francisco de Holanda, 39 \u2013 1600-088 Lisboa; tel. 217\u00a0970\u00a0258<br \/>\nE-mail: <a href=\"larsantos@irscm.pt\">larsantos@irscm.pt<\/a><br \/>\n<a href=\"http:\/\/www.irscm.pt\/IRSCM\/ResUnivLxSantos.aspx\" target=\"_blank\" rel=\"noopener noreferrer\">http:\/\/www.religiosas-sagrado-coracao-maria.pt<\/a><\/p>\n<ul>\n<li><strong>LUSCM \u2013 Parque \u2013 Lar Universit\u00e1rio do Sagrado Cora\u00e7\u00e3o de Maria<\/strong><\/li>\n<\/ul>\n<p>Av. Sid\u00f3nio Pais, 20, 4\u00ba e 5\u00ba Esq. \u2013 1050-215 Lisboa; tel. 213\u00a0547\u00a0568<br \/>\nE-mail:<a href=\"larparque@irscm.pt\"> larparque@irscm.pt<\/a><br \/>\n<a href=\"http:\/\/www.irscm.pt\/IRSCM\/ResUnivLxParque.aspx\" target=\"_blank\" rel=\"noopener noreferrer\">http:\/\/www.religiosas-sagrado-coracao-maria.pt<\/a><\/p>\n<ul>\n<li><strong>Resid\u00eancia Universit\u00e1ria Feminina da UCP<\/strong><\/li>\n<\/ul>\n<p>Rua Diogo Macedo, 5 \u2013 1600-055 Lisboa; tel. 217 958 761\/217 972 468<br \/>\n<a href=\"http:\/\/www2.ucp.pt\/site\/custom\/template\/ucptpl_livrhome.asp?sspageid=2362&amp;lang=1\" target=\"_blank\" rel=\"noopener noreferrer\">http:\/\/www.ucp.pt\/site\/custom\/template\/ucptplminisitehome.asp?sspageid=680&amp;lang=1<\/a><\/p>\n<ul>\n<li><strong>Resid\u00eancia Universit\u00e1ria dos \u00c1lamos<\/strong><\/li>\n<\/ul>\n<p>Alameda das Linhas Torres, 35 \u2013 1750-139 Lisboa; tel. 217 570 098<br \/>\n<a href=\"http:\/\/www.alamoslisboa.org\/\" target=\"_blank\" rel=\"noopener noreferrer\">http:\/\/www.alamoslisboa.org\/<\/a><\/p>\n<ul>\n<li><strong><a href=\"http:\/\/residencia-universitaria.planetaclix.pt\/\" target=\"_blank\" rel=\"noopener noreferrer\">Resid\u00eancia Universit\u00e1ria Imaculada Concei\u00e7\u00e3o<\/a><\/strong><\/li>\n<\/ul>\n<p>Rua do Possolo, 16 \u2013 1350-252 Lisboa; tel. 213 967 086\/213 974 840<br \/>\nE-mail: <a href=\"mailto:r.imaculada@netcabo.pt?Subject=Pedido%20de%20informa%e7%e3o%20sobre%20a%20resid%eancia\">r.imaculada@netcabo.p<\/a> | site:\u00a0<a href=\"http:\/\/sites.google.com\/site\/resunivfemimaconc\/\" target=\"_blank\" rel=\"noopener noreferrer\">http:\/\/sites.google.com\/site\/resunivfemimaconc\/<\/a><\/p>\n<ul>\n<li><strong>Resid\u00eancia Universit\u00e1ria de Maria Imaculada<\/strong><\/li>\n<\/ul>\n<p>Rua Frei Tom\u00e9 de Jesus, 16 \u2013 1700-215 Lisboa; tel. 217 962 364<\/p>\n<ul>\n<li><strong>Resid\u00eancia <\/strong><strong> Universit\u00e1ria\u00a0Nossa Senhora das Dores<\/strong><\/li>\n<\/ul>\n<p>Rua Gama Barros, 39\u00a0 \u2013 1700-143 Lisboa; tel. 218 491 466<\/p>\n<p><strong>\u00a0<\/strong><\/p>\n<h3>Links de\u00a0Resid\u00eancias Universit\u00e1rias Masculinas:<\/h3>\n<ul>\n<li><strong>Col\u00e9gio Universit\u00e1rio Pio XII<\/strong><\/li>\n<\/ul>\n<p>Avenida das For\u00e7as Armadas \u2013 1600-083 Lisboa<br \/>\n<a href=\"http:\/\/www.colegiopio12.com\/\">http:\/\/www.colegiopio12.com\/<\/a><\/p>\n<ul>\n<li><strong>Resid\u00eancia Universit\u00e1ria\u00a0Montes Claros<\/strong><\/li>\n<\/ul>\n<p>Rua\u00a0Vera Lagoa, 5 \u2013 1600-028\u00a0Lisboa; tel. 217 221 000<br \/>\nsite: <a href=\"http:\/\/www.montesclaros.pt\/\" target=\"_blank\" rel=\"noopener noreferrer\">http:\/\/www.montesclaros.pt\/<\/a><\/p>\n<ul>\n<li><strong>Resid\u00eancia Universit\u00e1ria\u00a0Carmelita<\/strong><\/li>\n<\/ul>\n<p>Rua\u00a0de Santa Isabel, 128, 1250-208\u00a0Lisboa; tel. 213 870 889<\/p>\n<ul>\n<li><strong>Resid\u00eancia\u00a0Universit\u00e1ria\u00a0Francisco Foreiro<\/strong><\/li>\n<\/ul>\n<p>Rua\u00a0Jo\u00e3o de Freitas Branco, 12 &#8211; 1500-359\u00a0Lisboa; tel. 212 73 636<\/p>\n<ul>\n<li><strong>Resid\u00eancia Prof. Jos\u00e9 Pinto Peixoto<\/strong><\/li>\n<\/ul>\n<p>Mosteiro de Santos-o-Novo \u2013 1900 Lisboa; tel. 218 149 436<\/p>\n","protected":false},"excerpt":{"rendered":"<p>Links \u00fateis Universidade de Lisboa CeUC &#8211; Centro Universit\u00e1rio Cat\u00f3lico de Lisboa &#8211; Pastoral Universit\u00e1ria SNPES \u2013 Servi\u00e7o Nacional de Pastoral do Ensino Superior CUPAV \u2013 Centro Universit\u00e1rio Padre Ant\u00f3nio Vieira Programa Erasmus Visitar Lisboa Agenda Cultural de Lisboa Turismo de Lisboa CineCartaz CML \u2013 C\u00e2mara Municipal de Lisboa Funda\u00e7\u00e3o Calouste Gulbenkian CCB \u2013 Centro [&hellip;]<\/p>\n","protected":false},"author":2,"featured_media":0,"parent":0,"menu_order":12,"comment_status":"open","ping_status":"open","template":"","meta":{"footnotes":""},"class_list":["post-192","page","type-page","status-publish","hentry"],"aioseo_notices":[],"_links":{"self":[{"href":"http:\/\/domusnostra.net\/wordpress\/wp-json\/wp\/v2\/pages\/192","targetHints":{"allow":["GET"]}}],"collection":[{"href":"http:\/\/domusnostra.net\/wordpress\/wp-json\/wp\/v2\/pages"}],"about":[{"href":"http:\/\/domusnostra.net\/wordpress\/wp-json\/wp\/v2\/types\/page"}],"author":[{"embeddable":true,"href":"http:\/\/domusnostra.net\/wordpress\/wp-json\/wp\/v2\/users\/2"}],"replies":[{"embeddable":true,"href":"http:\/\/domusnostra.net\/wordpress\/wp-json\/wp\/v2\/comments?post=192"}],"version-history":[{"count":25,"href":"http:\/\/domusnostra.net\/wordpress\/wp-json\/wp\/v2\/pages\/192\/revisions"}],"predecessor-version":[{"id":1105,"href":"http:\/\/domusnostra.net\/wordpress\/wp-json\/wp\/v2\/pages\/192\/revisions\/1105"}],"wp:attachment":[{"href":"http:\/\/domusnostra.net\/wordpress\/wp-json\/wp\/v2\/media?parent=192"}],"curies":[{"name":"wp","href":"https:\/\/api.w.org\/{rel}","templated":true}]}}