{"id":182,"date":"2010-01-19T17:17:11","date_gmt":"2010-01-19T17:17:11","guid":{"rendered":"http:\/\/domusnostra.net\/wordpress\/?page_id=182"},"modified":"2025-10-08T21:49:43","modified_gmt":"2025-10-08T20:49:43","slug":"adn","status":"publish","type":"page","link":"http:\/\/domusnostra.net\/wordpress\/adn\/","title":{"rendered":"Associa\u00e7\u00e3o ADN"},"content":{"rendered":"<h2><span style=\"color: #000080;\">Associa\u00e7\u00e3o de Antigas Residentes da Resid\u00eancia Universit\u00e1ria Domus Nostra<\/span><\/h2>\n<h2><strong><span style=\"color: #008000;\"><span style=\"font-size: 13px; line-height: 19px;\">60 Anos <\/span><span style=\"font-size: 13px; line-height: 19px;\">Domus Nostra: 25 outubro 2025<\/span><\/span><\/strong><\/h2>\n<h2><a href=\"https:\/\/docs.google.com\/forms\/d\/e\/1FAIpQLSc00sddbesoLnEi9KhChnkfPhCNuDvCqDr6G1PYXB1G3yureg\/viewform?usp=sharing&amp;ouid=104224198577897249860\" target=\"_blank\" rel=\"noopener\">CLICAR aqui para: Link inscri\u00e7\u00e3o e\/ou atualiza\u00e7\u00e3o de dados<\/a><\/h2>\n<p><a href=\"https:\/\/docs.google.com\/forms\/d\/e\/1FAIpQLSc00sddbesoLnEi9KhChnkfPhCNuDvCqDr6G1PYXB1G3yureg\/viewform?usp=sharing&amp;ouid=104224198577897249860\" target=\"_blank\" rel=\"noopener\"><img loading=\"lazy\" decoding=\"async\" class=\"alignnone size-medium wp-image-1256\" src=\"http:\/\/domusnostra.net\/wordpress\/wp-content\/uploads\/2025\/08\/60-ANOS-SAVE-THE-DATE-213x300.jpeg\" alt=\"\" width=\"213\" height=\"300\" srcset=\"http:\/\/domusnostra.net\/wordpress\/wp-content\/uploads\/2025\/08\/60-ANOS-SAVE-THE-DATE-213x300.jpeg 213w, http:\/\/domusnostra.net\/wordpress\/wp-content\/uploads\/2025\/08\/60-ANOS-SAVE-THE-DATE-726x1024.jpeg 726w, http:\/\/domusnostra.net\/wordpress\/wp-content\/uploads\/2025\/08\/60-ANOS-SAVE-THE-DATE-768x1083.jpeg 768w, http:\/\/domusnostra.net\/wordpress\/wp-content\/uploads\/2025\/08\/60-ANOS-SAVE-THE-DATE-1090x1536.jpeg 1090w, http:\/\/domusnostra.net\/wordpress\/wp-content\/uploads\/2025\/08\/60-ANOS-SAVE-THE-DATE.jpeg 1135w\" sizes=\"auto, (max-width: 213px) 100vw, 213px\" \/><\/a><\/p>\n<p>Se quer participar, deve enviar 25 Euros at\u00e9\u00a0<b>10 de outubro<\/b>, desejavelmente.<\/p>\n<div>Dados para pagamento:<\/div>\n<ul>\n<li>Por <strong>IBAN<\/strong> da ADN: PT50 0036 0283 99100022955 57\n<ul>\n<li>(enviar o comprovativo por email para: domusnostra60@gmail.com)<\/li>\n<\/ul>\n<\/li>\n<li>Por <strong>MBWay<\/strong> conforme dados no formul\u00e1rio de inscri\u00e7\u00e3o.\n<ul>\n<li>(mencione o seu nome no MBWay)<\/li>\n<\/ul>\n<\/li>\n<\/ul>\n<p>A Associa\u00e7\u00e3o <strong>ADN<\/strong> foi oficialmente constitu\u00edda no dia 2 de Fevereiro de 2006 e tem por fim estabelecer e refor\u00e7ar os la\u00e7os de solidariedade e conviv\u00eancia entre as antigas estudantes da Resid\u00eancia Universit\u00e1ria Domus Nostra. (\u2026) Organiza encontros, palestras, e outras reuni\u00f5es de car\u00e1cter cultural, religioso e recreativo.(\u2026)<\/p>\n<h3 style=\"text-align: right;\">(Cf. Estatutos ADN)<\/h3>\n<h3><span style=\"color: #339933;\">Newsletters da ADN:<\/span><\/h3>\n<h2><a title=\"Newsletter ADN 2011\" href=\"http:\/\/www.youblisher.com\/p\/1141173-Newsletter-ADN-2011\/\" target=\"_blank\" rel=\"noopener\"><span style=\"color: #008000;\">2011<\/span><\/a><\/h2>\n<h2><a title=\"Newsletter ADN 2006\" href=\"http:\/\/www.youblisher.com\/p\/1141172-Newsletter-ADN-2006\/\" target=\"_blank\" rel=\"noopener\"><span style=\"color: #008000;\">2006<\/span><\/a><\/h2>\n","protected":false},"excerpt":{"rendered":"<p>Associa\u00e7\u00e3o de Antigas Residentes da Resid\u00eancia Universit\u00e1ria Domus Nostra 60 Anos Domus Nostra: 25 outubro 2025 CLICAR aqui para: Link inscri\u00e7\u00e3o e\/ou atualiza\u00e7\u00e3o de dados Se quer participar, deve enviar 25 Euros at\u00e9\u00a010 de outubro, desejavelmente. Dados para pagamento: Por IBAN da ADN: PT50 0036 0283 99100022955 57 (enviar o comprovativo por email para: domusnostra60@gmail.com) [&hellip;]<\/p>\n","protected":false},"author":2,"featured_media":0,"parent":0,"menu_order":11,"comment_status":"open","ping_status":"open","template":"","meta":{"footnotes":""},"class_list":["post-182","page","type-page","status-publish","hentry"],"aioseo_notices":[],"_links":{"self":[{"href":"http:\/\/domusnostra.net\/wordpress\/wp-json\/wp\/v2\/pages\/182","targetHints":{"allow":["GET"]}}],"collection":[{"href":"http:\/\/domusnostra.net\/wordpress\/wp-json\/wp\/v2\/pages"}],"about":[{"href":"http:\/\/domusnostra.net\/wordpress\/wp-json\/wp\/v2\/types\/page"}],"author":[{"embeddable":true,"href":"http:\/\/domusnostra.net\/wordpress\/wp-json\/wp\/v2\/users\/2"}],"replies":[{"embeddable":true,"href":"http:\/\/domusnostra.net\/wordpress\/wp-json\/wp\/v2\/comments?post=182"}],"version-history":[{"count":85,"href":"http:\/\/domusnostra.net\/wordpress\/wp-json\/wp\/v2\/pages\/182\/revisions"}],"predecessor-version":[{"id":1303,"href":"http:\/\/domusnostra.net\/wordpress\/wp-json\/wp\/v2\/pages\/182\/revisions\/1303"}],"wp:attachment":[{"href":"http:\/\/domusnostra.net\/wordpress\/wp-json\/wp\/v2\/media?parent=182"}],"curies":[{"name":"wp","href":"https:\/\/api.w.org\/{rel}","templated":true}]}}