{"id":146,"date":"2010-01-19T16:26:28","date_gmt":"2010-01-19T16:26:28","guid":{"rendered":"http:\/\/domusnostra.net\/wordpress\/?page_id=146"},"modified":"2026-01-13T16:37:29","modified_gmt":"2026-01-13T16:37:29","slug":"home","status":"publish","type":"page","link":"http:\/\/domusnostra.net\/wordpress\/","title":{"rendered":"home"},"content":{"rendered":"\n<div class=\"wp-block-group\"><div class=\"wp-block-group__inner-container is-layout-flow wp-block-group-is-layout-flow\">\n<h1 class=\"wp-block-heading\">Bem vindo \u00e0 p\u00e1gina da Domus Nostra<\/h1>\n\n\n\n<h2 class=\"wp-block-heading has-text-align-left\"><a href=\"http:\/\/domusnostra.net\/wordpress\/?page_id=1066\"><span style=\"color: #3366ff;\">Novas Residentes: inscri\u00e7\u00f5es<\/span><\/a>                                            <\/h2>\n\n\n\n<h3 class=\"wp-block-heading has-text-align-right\"><figure><a href=\"http:\/\/domusnostra.net\/wordpress\/home\/welcome\/\" target=\"_blank\" rel=\"noopener\" title=\"\"><img loading=\"lazy\" decoding=\"async\" title=\"ingles\" width=\"52\" height=\"49\" class=\"aligncenter\" src=\"http:\/\/domusnostra.net\/wordpress\/wp-content\/uploads\/2010\/01\/ingles4.gif\" alt=\"\"><\/a><\/figure><\/h3>\n\n\n\n<h3 class=\"wp-block-heading\">Clicar aqui para forma\u00e7\u00e3o\/worshop <em>on-line<\/em>: <\/h3>\n\n\n\n<p><a href=\"http:\/\/domusnostra.net\/wordpress\/formacao\" target=\"_blank\" rel=\"noopener\" title=\"\">Desenvolvimento Pessoal e Lideran\u00e7a<\/a> \/ <a href=\"http:\/\/domusnostra.net\/wordpress\/formacao\">Personal Development and Leadership<\/a><\/p>\n\n\n\n<p>em Ingl\u00eas e nos dias 21 de fevereiro e 21 de mar\u00e7o (s\u00e1bado)<\/p>\n\n\n\n<p><strong>Clicar aqui para os <a href=\"http:\/\/domusnostra.net\/wordpress\/adn\/\" target=\"_blank\" rel=\"noopener\" title=\"\"><span style=\"color: #3366ff;\">60 Anos Domus Nostra: 25 Outubro 2025<\/span> <\/a>  <\/strong><\/p>\n\n\n\n<p><\/p>\n\n\n\n<figure class=\"wp-block-image size-medium is-resized is-style-default\"><a href=\"http:\/\/domusnostra.net\/wordpress\/adn\/\" target=\"_blank\" rel=\" noreferrer noopener\"><img loading=\"lazy\" decoding=\"async\" width=\"213\" height=\"300\" src=\"http:\/\/domusnostra.net\/wordpress\/wp-content\/uploads\/2025\/08\/60-ANOS-SAVE-THE-DATE-213x300.jpeg\" alt=\"\" class=\"wp-image-1256\" style=\"width:300px\" srcset=\"http:\/\/domusnostra.net\/wordpress\/wp-content\/uploads\/2025\/08\/60-ANOS-SAVE-THE-DATE-213x300.jpeg 213w, http:\/\/domusnostra.net\/wordpress\/wp-content\/uploads\/2025\/08\/60-ANOS-SAVE-THE-DATE-726x1024.jpeg 726w, http:\/\/domusnostra.net\/wordpress\/wp-content\/uploads\/2025\/08\/60-ANOS-SAVE-THE-DATE-768x1083.jpeg 768w, http:\/\/domusnostra.net\/wordpress\/wp-content\/uploads\/2025\/08\/60-ANOS-SAVE-THE-DATE-1090x1536.jpeg 1090w, http:\/\/domusnostra.net\/wordpress\/wp-content\/uploads\/2025\/08\/60-ANOS-SAVE-THE-DATE.jpeg 1135w\" sizes=\"auto, (max-width: 213px) 100vw, 213px\" \/><\/a><\/figure>\n\n\n\n<h6 class=\"wp-block-heading has-text-align-left\"><figure><a href=\"https:\/\/www.facebook.com\/DomusNostra\/\"><img loading=\"lazy\" decoding=\"async\" class=\"alignright\" src=\"http:\/\/domusnostra.net\/wordpress\/wp-content\/uploads\/2010\/01\/facebook-button-blue.ico\" alt=\"facebook-button-blue\" width=\"36\" height=\"36\"><\/a><\/figure><\/h6>\n\n\n\n<h4 class=\"wp-block-heading has-text-align-left\"><figure><a href=\"https:\/\/www.instagram.com\/domusnostra_lisboa\/\"><img loading=\"lazy\" decoding=\"async\" class=\"wp-image-1076 alignright\" src=\"http:\/\/domusnostra.net\/wordpress\/wp-content\/uploads\/2022\/03\/instagram-incon.png\" alt=\"\" width=\"34\" height=\"34\" srcset=\"http:\/\/domusnostra.net\/wordpress\/wp-content\/uploads\/2022\/03\/instagram-incon.png 200w, http:\/\/domusnostra.net\/wordpress\/wp-content\/uploads\/2022\/03\/instagram-incon-150x150.png 150w\" sizes=\"auto, (max-width: 34px) 100vw, 34px\" \/><\/a><\/figure><\/h4>\n\n\n\n<figure class=\"wp-block-gallery has-nested-images columns-default is-cropped wp-block-gallery-1 is-layout-flex wp-block-gallery-is-layout-flex\">\n<figure class=\"wp-block-image size-large\"><img loading=\"lazy\" decoding=\"async\" width=\"770\" height=\"296\" src=\"https:\/\/domusnostra.net\/wordpress\/wp-content\/uploads\/2010\/01\/50-Anos-Domus-Nostra.jpg\" alt=\"\" class=\"wp-image-763\" srcset=\"http:\/\/domusnostra.net\/wordpress\/wp-content\/uploads\/2010\/01\/50-Anos-Domus-Nostra.jpg 770w, http:\/\/domusnostra.net\/wordpress\/wp-content\/uploads\/2010\/01\/50-Anos-Domus-Nostra-300x115.jpg 300w\" sizes=\"auto, (max-width: 770px) 100vw, 770px\" \/><\/figure>\n\n\n\n<figure class=\"wp-block-image size-large\"><img loading=\"lazy\" decoding=\"async\" width=\"1024\" height=\"682\" src=\"https:\/\/domusnostra.net\/wordpress\/wp-content\/uploads\/2013\/07\/Domus-Nostra-foto-de-fam\u00edlia1-1024x682.jpg\" alt=\"\" class=\"wp-image-652\" srcset=\"http:\/\/domusnostra.net\/wordpress\/wp-content\/uploads\/2013\/07\/Domus-Nostra-foto-de-fam\u00edlia1-1024x682.jpg 1024w, http:\/\/domusnostra.net\/wordpress\/wp-content\/uploads\/2013\/07\/Domus-Nostra-foto-de-fam\u00edlia1-300x200.jpg 300w, http:\/\/domusnostra.net\/wordpress\/wp-content\/uploads\/2013\/07\/Domus-Nostra-foto-de-fam\u00edlia1.jpg 1743w\" sizes=\"auto, (max-width: 1024px) 100vw, 1024px\" \/><\/figure>\n\n\n\n<figure class=\"wp-block-image size-large\"><img loading=\"lazy\" decoding=\"async\" width=\"500\" height=\"400\" src=\"https:\/\/domusnostra.net\/wordpress\/wp-content\/uploads\/2013\/09\/Lisboa.jpg\" alt=\"\" class=\"wp-image-671\" srcset=\"http:\/\/domusnostra.net\/wordpress\/wp-content\/uploads\/2013\/09\/Lisboa.jpg 500w, http:\/\/domusnostra.net\/wordpress\/wp-content\/uploads\/2013\/09\/Lisboa-300x240.jpg 300w\" sizes=\"auto, (max-width: 500px) 100vw, 500px\" \/><\/figure>\n\n\n\n<figure class=\"wp-block-image size-large\"><img loading=\"lazy\" decoding=\"async\" width=\"960\" height=\"720\" src=\"https:\/\/domusnostra.net\/wordpress\/wp-content\/uploads\/2012\/06\/jardim-domus.jpg\" alt=\"\" class=\"wp-image-482\" srcset=\"http:\/\/domusnostra.net\/wordpress\/wp-content\/uploads\/2012\/06\/jardim-domus.jpg 960w, http:\/\/domusnostra.net\/wordpress\/wp-content\/uploads\/2012\/06\/jardim-domus-300x225.jpg 300w\" sizes=\"auto, (max-width: 960px) 100vw, 960px\" \/><\/figure>\n\n\n\n<figure class=\"wp-block-image size-large\"><img loading=\"lazy\" decoding=\"async\" width=\"1024\" height=\"527\" src=\"https:\/\/domusnostra.net\/wordpress\/wp-content\/uploads\/2012\/12\/Site-1\u00aa-P\u00e1gina-DN-1024x527.jpg\" alt=\"\" class=\"wp-image-631\" srcset=\"http:\/\/domusnostra.net\/wordpress\/wp-content\/uploads\/2012\/12\/Site-1\u00aa-P\u00e1gina-DN-1024x527.jpg 1024w, http:\/\/domusnostra.net\/wordpress\/wp-content\/uploads\/2012\/12\/Site-1\u00aa-P\u00e1gina-DN-300x154.jpg 300w\" sizes=\"auto, (max-width: 1024px) 100vw, 1024px\" \/><\/figure>\n\n\n\n<figure class=\"wp-block-image size-large\"><img loading=\"lazy\" decoding=\"async\" width=\"583\" height=\"778\" src=\"https:\/\/domusnostra.net\/wordpress\/wp-content\/uploads\/2011\/09\/Biblioteca-5.jpg\" alt=\"\" class=\"wp-image-393\" srcset=\"http:\/\/domusnostra.net\/wordpress\/wp-content\/uploads\/2011\/09\/Biblioteca-5.jpg 583w, http:\/\/domusnostra.net\/wordpress\/wp-content\/uploads\/2011\/09\/Biblioteca-5-224x300.jpg 224w\" sizes=\"auto, (max-width: 583px) 100vw, 583px\" \/><\/figure>\n\n\n\n<figure class=\"wp-block-image size-large\"><img loading=\"lazy\" decoding=\"async\" width=\"720\" height=\"405\" src=\"https:\/\/domusnostra.net\/wordpress\/wp-content\/uploads\/2010\/01\/9-CC.jpg\" alt=\"\" class=\"wp-image-322\" srcset=\"http:\/\/domusnostra.net\/wordpress\/wp-content\/uploads\/2010\/01\/9-CC.jpg 720w, http:\/\/domusnostra.net\/wordpress\/wp-content\/uploads\/2010\/01\/9-CC-300x168.jpg 300w\" sizes=\"auto, (max-width: 720px) 100vw, 720px\" \/><\/figure>\n\n\n\n<figure class=\"wp-block-image size-large\"><img loading=\"lazy\" decoding=\"async\" width=\"709\" height=\"576\" src=\"https:\/\/domusnostra.net\/wordpress\/wp-content\/uploads\/2010\/01\/capela_n.jpg\" alt=\"\" class=\"wp-image-127\" srcset=\"http:\/\/domusnostra.net\/wordpress\/wp-content\/uploads\/2010\/01\/capela_n.jpg 709w, http:\/\/domusnostra.net\/wordpress\/wp-content\/uploads\/2010\/01\/capela_n-300x243.jpg 300w\" sizes=\"auto, (max-width: 709px) 100vw, 709px\" \/><\/figure>\n\n\n\n<figure class=\"wp-block-image size-large\"><img loading=\"lazy\" decoding=\"async\" width=\"768\" height=\"576\" src=\"https:\/\/domusnostra.net\/wordpress\/wp-content\/uploads\/2010\/01\/terraco_n2.jpg\" alt=\"\" class=\"wp-image-125\" srcset=\"http:\/\/domusnostra.net\/wordpress\/wp-content\/uploads\/2010\/01\/terraco_n2.jpg 768w, http:\/\/domusnostra.net\/wordpress\/wp-content\/uploads\/2010\/01\/terraco_n2-300x225.jpg 300w\" sizes=\"auto, (max-width: 768px) 100vw, 768px\" \/><\/figure>\n<\/figure>\n\n\n\n<p><\/p>\n\n\n\n<h2 class=\"wp-block-heading\">&nbsp; v\u00eddeos? clica <a href=\"http:\/\/domusnostra.net\/wordpress\/nostros-videos\/\">aqui<\/a><\/h2>\n<\/div><\/div>\n\n\n\n<p><\/p>\n\n\n\n<p><\/p>\n\n\n\n<p><\/p>\n","protected":false},"excerpt":{"rendered":"<p>Bem vindo \u00e0 p\u00e1gina da Domus Nostra Novas Residentes: inscri\u00e7\u00f5es Clicar aqui para forma\u00e7\u00e3o\/worshop on-line: Desenvolvimento Pessoal e Lideran\u00e7a \/ Personal Development and Leadership em Ingl\u00eas e nos dias 21 de fevereiro e 21 de mar\u00e7o (s\u00e1bado) Clicar aqui para os 60 Anos Domus Nostra: 25 Outubro 2025 &nbsp; v\u00eddeos? clica aqui<\/p>\n","protected":false},"author":2,"featured_media":0,"parent":0,"menu_order":0,"comment_status":"open","ping_status":"open","template":"","meta":{"footnotes":""},"class_list":["post-146","page","type-page","status-publish","hentry"],"aioseo_notices":[],"_links":{"self":[{"href":"http:\/\/domusnostra.net\/wordpress\/wp-json\/wp\/v2\/pages\/146","targetHints":{"allow":["GET"]}}],"collection":[{"href":"http:\/\/domusnostra.net\/wordpress\/wp-json\/wp\/v2\/pages"}],"about":[{"href":"http:\/\/domusnostra.net\/wordpress\/wp-json\/wp\/v2\/types\/page"}],"author":[{"embeddable":true,"href":"http:\/\/domusnostra.net\/wordpress\/wp-json\/wp\/v2\/users\/2"}],"replies":[{"embeddable":true,"href":"http:\/\/domusnostra.net\/wordpress\/wp-json\/wp\/v2\/comments?post=146"}],"version-history":[{"count":198,"href":"http:\/\/domusnostra.net\/wordpress\/wp-json\/wp\/v2\/pages\/146\/revisions"}],"predecessor-version":[{"id":1330,"href":"http:\/\/domusnostra.net\/wordpress\/wp-json\/wp\/v2\/pages\/146\/revisions\/1330"}],"wp:attachment":[{"href":"http:\/\/domusnostra.net\/wordpress\/wp-json\/wp\/v2\/media?parent=146"}],"curies":[{"name":"wp","href":"https:\/\/api.w.org\/{rel}","templated":true}]}}